{"id":1194,"date":"2009-11-06T12:54:09","date_gmt":"2009-11-06T15:54:09","guid":{"rendered":"http:\/\/www.mrtrader.com.ar\/?page_id=1194"},"modified":"2009-11-07T12:05:21","modified_gmt":"2009-11-07T15:05:21","slug":"accion-stock","status":"publish","type":"page","link":"http:\/\/www.mrtrader.com.ar\/?page_id=1194","title":{"rendered":"Como invertir en Acci\u00f3n, compra y venta"},"content":{"rendered":"<p>Acci\u00f3n:<br \/>\nParte al\u00edcuota del capital social de una empresa. Suelen otorgar ciertos derechos a sus propietarios, entre otros, derecho a parte de los beneficios, a una cuota de la liquidaci\u00f3n en caso de disoluci\u00f3n, a voto en las juntas generales y derecho preferente de suscripci\u00f3n de acciones nuevas.<\/p>\n","protected":false},"excerpt":{"rendered":"<p>Acci\u00f3n: Parte al\u00edcuota del capital social de una empresa. Suelen otorgar ciertos derechos a sus propietarios, entre otros, derecho a parte de los beneficios, a una cuota de la liquidaci\u00f3n en caso de disoluci\u00f3n, a voto en las juntas generales y derecho preferente de suscripci\u00f3n de acciones nuevas.<\/p>\n","protected":false},"author":1,"featured_media":0,"parent":0,"menu_order":0,"comment_status":"open","ping_status":"open","template":"","meta":[],"yoast_head":"<!-- This site is optimized with the Yoast SEO plugin v19.10 - https:\/\/yoast.com\/wordpress\/plugins\/seo\/ -->\n<title>Como invertir en Acci\u00f3n, compra y venta - M r. T r a d e r<\/title>\n<meta name=\"robots\" content=\"index, follow, max-snippet:-1, max-image-preview:large, max-video-preview:-1\" \/>\n<link rel=\"canonical\" href=\"http:\/\/www.mrtrader.com.ar\/?page_id=1194\" \/>\n<meta property=\"og:locale\" content=\"es_ES\" \/>\n<meta property=\"og:type\" content=\"article\" \/>\n<meta property=\"og:title\" content=\"Como invertir en Acci\u00f3n, compra y venta - M r. T r a d e r\" \/>\n<meta property=\"og:description\" content=\"Acci\u00f3n: Parte al\u00edcuota del capital social de una empresa. Suelen otorgar ciertos derechos a sus propietarios, entre otros, derecho a parte de los beneficios, a una cuota de la liquidaci\u00f3n en caso de disoluci\u00f3n, a voto en las juntas generales y derecho preferente de suscripci\u00f3n de acciones nuevas.\" \/>\n<meta property=\"og:url\" content=\"http:\/\/www.mrtrader.com.ar\/?page_id=1194\" \/>\n<meta property=\"og:site_name\" content=\"M r. T r a d e r\" \/>\n<meta property=\"article:modified_time\" content=\"2009-11-07T15:05:21+00:00\" \/>\n<meta name=\"twitter:card\" content=\"summary_large_image\" \/>\n<script type=\"application\/ld+json\" class=\"yoast-schema-graph\">{\"@context\":\"https:\/\/schema.org\",\"@graph\":[{\"@type\":\"WebPage\",\"@id\":\"http:\/\/www.mrtrader.com.ar\/?page_id=1194\",\"url\":\"http:\/\/www.mrtrader.com.ar\/?page_id=1194\",\"name\":\"Como invertir en Acci\u00f3n, compra y venta - M r. T r a d e r\",\"isPartOf\":{\"@id\":\"http:\/\/www.mrtrader.com.ar\/#website\"},\"datePublished\":\"2009-11-06T15:54:09+00:00\",\"dateModified\":\"2009-11-07T15:05:21+00:00\",\"breadcrumb\":{\"@id\":\"http:\/\/www.mrtrader.com.ar\/?page_id=1194#breadcrumb\"},\"inLanguage\":\"es\",\"potentialAction\":[{\"@type\":\"ReadAction\",\"target\":[\"http:\/\/www.mrtrader.com.ar\/?page_id=1194\"]}]},{\"@type\":\"BreadcrumbList\",\"@id\":\"http:\/\/www.mrtrader.com.ar\/?page_id=1194#breadcrumb\",\"itemListElement\":[{\"@type\":\"ListItem\",\"position\":1,\"name\":\"Portada\",\"item\":\"http:\/\/www.mrtrader.com.ar\/\"},{\"@type\":\"ListItem\",\"position\":2,\"name\":\"Como invertir en Acci\u00f3n, compra y venta\"}]},{\"@type\":\"WebSite\",\"@id\":\"http:\/\/www.mrtrader.com.ar\/#website\",\"url\":\"http:\/\/www.mrtrader.com.ar\/\",\"name\":\"M r. T r a d e r\",\"description\":\"Entusiasmo por la verdad y el conocimiento\",\"publisher\":{\"@id\":\"http:\/\/www.mrtrader.com.ar\/#organization\"},\"potentialAction\":[{\"@type\":\"SearchAction\",\"target\":{\"@type\":\"EntryPoint\",\"urlTemplate\":\"http:\/\/www.mrtrader.com.ar\/?s={search_term_string}\"},\"query-input\":\"required name=search_term_string\"}],\"inLanguage\":\"es\"},{\"@type\":\"Organization\",\"@id\":\"http:\/\/www.mrtrader.com.ar\/#organization\",\"name\":\"M r. T r a d e r\",\"url\":\"http:\/\/www.mrtrader.com.ar\/\",\"logo\":{\"@type\":\"ImageObject\",\"inLanguage\":\"es\",\"@id\":\"http:\/\/www.mrtrader.com.ar\/#\/schema\/logo\/image\/\",\"url\":\"http:\/\/www.mrtrader.com.ar\/wp-content\/uploads\/2022\/11\/mrt_negro2.png\",\"contentUrl\":\"http:\/\/www.mrtrader.com.ar\/wp-content\/uploads\/2022\/11\/mrt_negro2.png\",\"width\":233,\"height\":86,\"caption\":\"M r. T r a d e r\"},\"image\":{\"@id\":\"http:\/\/www.mrtrader.com.ar\/#\/schema\/logo\/image\/\"}}]}<\/script>\n<!-- \/ Yoast SEO plugin. -->","yoast_head_json":{"title":"Como invertir en Acci\u00f3n, compra y venta - M r. T r a d e r","robots":{"index":"index","follow":"follow","max-snippet":"max-snippet:-1","max-image-preview":"max-image-preview:large","max-video-preview":"max-video-preview:-1"},"canonical":"http:\/\/www.mrtrader.com.ar\/?page_id=1194","og_locale":"es_ES","og_type":"article","og_title":"Como invertir en Acci\u00f3n, compra y venta - M r. T r a d e r","og_description":"Acci\u00f3n: Parte al\u00edcuota del capital social de una empresa. Suelen otorgar ciertos derechos a sus propietarios, entre otros, derecho a parte de los beneficios, a una cuota de la liquidaci\u00f3n en caso de disoluci\u00f3n, a voto en las juntas generales y derecho preferente de suscripci\u00f3n de acciones nuevas.","og_url":"http:\/\/www.mrtrader.com.ar\/?page_id=1194","og_site_name":"M r. T r a d e r","article_modified_time":"2009-11-07T15:05:21+00:00","twitter_card":"summary_large_image","schema":{"@context":"https:\/\/schema.org","@graph":[{"@type":"WebPage","@id":"http:\/\/www.mrtrader.com.ar\/?page_id=1194","url":"http:\/\/www.mrtrader.com.ar\/?page_id=1194","name":"Como invertir en Acci\u00f3n, compra y venta - M r. T r a d e r","isPartOf":{"@id":"http:\/\/www.mrtrader.com.ar\/#website"},"datePublished":"2009-11-06T15:54:09+00:00","dateModified":"2009-11-07T15:05:21+00:00","breadcrumb":{"@id":"http:\/\/www.mrtrader.com.ar\/?page_id=1194#breadcrumb"},"inLanguage":"es","potentialAction":[{"@type":"ReadAction","target":["http:\/\/www.mrtrader.com.ar\/?page_id=1194"]}]},{"@type":"BreadcrumbList","@id":"http:\/\/www.mrtrader.com.ar\/?page_id=1194#breadcrumb","itemListElement":[{"@type":"ListItem","position":1,"name":"Portada","item":"http:\/\/www.mrtrader.com.ar\/"},{"@type":"ListItem","position":2,"name":"Como invertir en Acci\u00f3n, compra y venta"}]},{"@type":"WebSite","@id":"http:\/\/www.mrtrader.com.ar\/#website","url":"http:\/\/www.mrtrader.com.ar\/","name":"M r. T r a d e r","description":"Entusiasmo por la verdad y el conocimiento","publisher":{"@id":"http:\/\/www.mrtrader.com.ar\/#organization"},"potentialAction":[{"@type":"SearchAction","target":{"@type":"EntryPoint","urlTemplate":"http:\/\/www.mrtrader.com.ar\/?s={search_term_string}"},"query-input":"required name=search_term_string"}],"inLanguage":"es"},{"@type":"Organization","@id":"http:\/\/www.mrtrader.com.ar\/#organization","name":"M r. T r a d e r","url":"http:\/\/www.mrtrader.com.ar\/","logo":{"@type":"ImageObject","inLanguage":"es","@id":"http:\/\/www.mrtrader.com.ar\/#\/schema\/logo\/image\/","url":"http:\/\/www.mrtrader.com.ar\/wp-content\/uploads\/2022\/11\/mrt_negro2.png","contentUrl":"http:\/\/www.mrtrader.com.ar\/wp-content\/uploads\/2022\/11\/mrt_negro2.png","width":233,"height":86,"caption":"M r. T r a d e r"},"image":{"@id":"http:\/\/www.mrtrader.com.ar\/#\/schema\/logo\/image\/"}}]}},"_links":{"self":[{"href":"http:\/\/www.mrtrader.com.ar\/index.php?rest_route=\/wp\/v2\/pages\/1194"}],"collection":[{"href":"http:\/\/www.mrtrader.com.ar\/index.php?rest_route=\/wp\/v2\/pages"}],"about":[{"href":"http:\/\/www.mrtrader.com.ar\/index.php?rest_route=\/wp\/v2\/types\/page"}],"author":[{"embeddable":true,"href":"http:\/\/www.mrtrader.com.ar\/index.php?rest_route=\/wp\/v2\/users\/1"}],"replies":[{"embeddable":true,"href":"http:\/\/www.mrtrader.com.ar\/index.php?rest_route=%2Fwp%2Fv2%2Fcomments&post=1194"}],"version-history":[{"count":4,"href":"http:\/\/www.mrtrader.com.ar\/index.php?rest_route=\/wp\/v2\/pages\/1194\/revisions"}],"predecessor-version":[{"id":1200,"href":"http:\/\/www.mrtrader.com.ar\/index.php?rest_route=\/wp\/v2\/pages\/1194\/revisions\/1200"}],"wp:attachment":[{"href":"http:\/\/www.mrtrader.com.ar\/index.php?rest_route=%2Fwp%2Fv2%2Fmedia&parent=1194"}],"curies":[{"name":"wp","href":"https:\/\/api.w.org\/{rel}","templated":true}]}}