{"id":1249,"date":"2009-11-15T20:35:57","date_gmt":"2009-11-15T23:35:57","guid":{"rendered":"http:\/\/www.mrtrader.com.ar\/?page_id=1249"},"modified":"2009-11-15T20:35:57","modified_gmt":"2009-11-15T23:35:57","slug":"la-crisis-quedo-atrs-segn-los-balances-de-las-empresas-si","status":"publish","type":"page","link":"http:\/\/www.mrtrader.com.ar\/?page_id=1249","title":{"rendered":"&iquest;La crisis quedo atr&aacute;s ?, seg&uacute;n los balances de las empresas si"},"content":{"rendered":"<p>El Instituto Argentino de Mercado de Capitales tom\u00f3 en cuenta los 89 balances p\u00fablicos al tercer trimestre de firmas locales y hall\u00f3 que hay un lento pero marcado recupero.<\/p>\n<p>En la baja de los resultados de 2009 las empresas pasaron de derrumbarse a un ritmo anualizado del <strong>76% en el primer trimestre del a\u00f1o, a caer un 47% en el segundo y un 21%<\/strong> en el \u00faltimo per\u00edodo reportado.     <br \/>Sin embargo, las utilidades totales disminuyeron considerablemente de 2008 a 2009, <strong>de $10.968 millones a $ 8611 millones<\/strong>, respectivamente; y la tendencia, es que hay una ca\u00edda con respecto al a\u00f1o pasado acompa\u00f1ada de una recuperaci\u00f3n interanual, que aunque lenta ha sido progresiva en los \u00faltimos dos trimestres.    <br \/>Por otra parte, seg\u00fan detalla el informe de la Bolsa porte\u00f1a, el grueso de las ganancias no se desprendi\u00f3 de la actividad de intermediaci\u00f3n de fondos, sino que fue a trav\u00e9s de la tenencia de t\u00edtulos p\u00fablicos.    <br \/>&quot;La mayor\u00eda de los balances del tercer trimestre muestra una ca\u00edda en las ventas respecto del a\u00f1o anterior, pero un aumento respecto del trimestre anterior. Puede tomarse como un indicador de que<strong> la econom\u00eda ha sufrido una grave ca\u00edda, pero que ya est\u00e1 en marcha el proceso de recuperaci\u00f3n<\/strong>&quot;, dijo a La Naci\u00f3n Roberto Drimer, socio de VatNet Research.    <br \/><strong>Los grandes ganadores del trimestre fueron los bancos<\/strong>, con utilidades que hasta llegaron a quintuplicar las registradas en el trimestre previo, como en el caso del BBVA-Franc\u00e9s.    <br \/>&quot;El crecimiento en el resultado neto del conjunto de los bancos con cotizaci\u00f3n p\u00fablica (Macro, Galicia, Franc\u00e9s, Hipotecario, Patagonia y R\u00edo) supera el 120% trimestral. El mercado lo anticipaba, con una suba promedio de las acciones del sector que fue mayor al 165% en el a\u00f1o versus la performance del 105,6% del \u00edndice Merval&quot;, se\u00f1al\u00f3 Juan Vera, de la casa burs\u00e1til Tavelli y C\u00eda al matutino.     <br \/>Con respecto al sector industrial, Adri\u00e1n Rozanski, analista de Delphos Invesment, observa que<strong> los n\u00fameros confirmaron lo registrado por la mayor parte de los indicadores de la actividad econ\u00f3mica local<\/strong>: &quot;El tercer trimestre de 2009 fue mejor que el segundo, pero todav\u00eda estamos lejos de los niveles de producci\u00f3n y ventas r\u00e9cord de la primera parte de 2008, es decir, antes de que empezaran a verificarse los efectos del conflicto con el campo y la crisis financiera internacional&quot;. <\/p>\n<p>Infobae<\/p>\n","protected":false},"excerpt":{"rendered":"<p>El Instituto Argentino de Mercado de Capitales tom\u00f3 en cuenta los 89 balances p\u00fablicos al tercer trimestre de firmas locales y hall\u00f3 que hay un lento pero marcado recupero. En la baja de los resultados de 2009 las empresas pasaron de derrumbarse a un ritmo anualizado del 76% en el primer trimestre del a\u00f1o, a [&hellip;]<\/p>\n","protected":false},"author":1,"featured_media":0,"parent":0,"menu_order":0,"comment_status":"open","ping_status":"open","template":"","meta":[],"yoast_head":"<!-- This site is optimized with the Yoast SEO plugin v19.10 - https:\/\/yoast.com\/wordpress\/plugins\/seo\/ -->\n<title>&iquest;La crisis quedo atr&aacute;s ?, seg&uacute;n los balances de las empresas si - M r. T r a d e r<\/title>\n<meta name=\"robots\" content=\"index, follow, max-snippet:-1, max-image-preview:large, max-video-preview:-1\" \/>\n<link rel=\"canonical\" href=\"http:\/\/www.mrtrader.com.ar\/?page_id=1249\" \/>\n<meta property=\"og:locale\" content=\"es_ES\" \/>\n<meta property=\"og:type\" content=\"article\" \/>\n<meta property=\"og:title\" content=\"&iquest;La crisis quedo atr&aacute;s ?, seg&uacute;n los balances de las empresas si - M r. T r a d e r\" \/>\n<meta property=\"og:description\" content=\"El Instituto Argentino de Mercado de Capitales tom\u00f3 en cuenta los 89 balances p\u00fablicos al tercer trimestre de firmas locales y hall\u00f3 que hay un lento pero marcado recupero. En la baja de los resultados de 2009 las empresas pasaron de derrumbarse a un ritmo anualizado del 76% en el primer trimestre del a\u00f1o, a [&hellip;]\" \/>\n<meta property=\"og:url\" content=\"http:\/\/www.mrtrader.com.ar\/?page_id=1249\" \/>\n<meta property=\"og:site_name\" content=\"M r. T r a d e r\" \/>\n<meta name=\"twitter:card\" content=\"summary_large_image\" \/>\n<meta name=\"twitter:label1\" content=\"Tiempo de lectura\" \/>\n\t<meta name=\"twitter:data1\" content=\"2 minutos\" \/>\n<script type=\"application\/ld+json\" class=\"yoast-schema-graph\">{\"@context\":\"https:\/\/schema.org\",\"@graph\":[{\"@type\":\"WebPage\",\"@id\":\"http:\/\/www.mrtrader.com.ar\/?page_id=1249\",\"url\":\"http:\/\/www.mrtrader.com.ar\/?page_id=1249\",\"name\":\"&iquest;La crisis quedo atr&aacute;s ?, seg&uacute;n los balances de las empresas si - M r. T r a d e r\",\"isPartOf\":{\"@id\":\"https:\/\/www.mrtrader.com.ar\/#website\"},\"datePublished\":\"2009-11-15T23:35:57+00:00\",\"dateModified\":\"2009-11-15T23:35:57+00:00\",\"breadcrumb\":{\"@id\":\"http:\/\/www.mrtrader.com.ar\/?page_id=1249#breadcrumb\"},\"inLanguage\":\"es\",\"potentialAction\":[{\"@type\":\"ReadAction\",\"target\":[\"http:\/\/www.mrtrader.com.ar\/?page_id=1249\"]}]},{\"@type\":\"BreadcrumbList\",\"@id\":\"http:\/\/www.mrtrader.com.ar\/?page_id=1249#breadcrumb\",\"itemListElement\":[{\"@type\":\"ListItem\",\"position\":1,\"name\":\"Portada\",\"item\":\"https:\/\/www.mrtrader.com.ar\/\"},{\"@type\":\"ListItem\",\"position\":2,\"name\":\"&iquest;La crisis quedo atr&aacute;s ?, seg&uacute;n los balances de las empresas si\"}]},{\"@type\":\"WebSite\",\"@id\":\"https:\/\/www.mrtrader.com.ar\/#website\",\"url\":\"https:\/\/www.mrtrader.com.ar\/\",\"name\":\"M r. T r a d e r\",\"description\":\"Entusiasmo por la verdad y el conocimiento\",\"publisher\":{\"@id\":\"https:\/\/www.mrtrader.com.ar\/#organization\"},\"potentialAction\":[{\"@type\":\"SearchAction\",\"target\":{\"@type\":\"EntryPoint\",\"urlTemplate\":\"https:\/\/www.mrtrader.com.ar\/?s={search_term_string}\"},\"query-input\":\"required name=search_term_string\"}],\"inLanguage\":\"es\"},{\"@type\":\"Organization\",\"@id\":\"https:\/\/www.mrtrader.com.ar\/#organization\",\"name\":\"M r. T r a d e r\",\"url\":\"https:\/\/www.mrtrader.com.ar\/\",\"logo\":{\"@type\":\"ImageObject\",\"inLanguage\":\"es\",\"@id\":\"https:\/\/www.mrtrader.com.ar\/#\/schema\/logo\/image\/\",\"url\":\"http:\/\/www.mrtrader.com.ar\/wp-content\/uploads\/2022\/11\/mrt_negro2.png\",\"contentUrl\":\"http:\/\/www.mrtrader.com.ar\/wp-content\/uploads\/2022\/11\/mrt_negro2.png\",\"width\":233,\"height\":86,\"caption\":\"M r. T r a d e r\"},\"image\":{\"@id\":\"https:\/\/www.mrtrader.com.ar\/#\/schema\/logo\/image\/\"}}]}<\/script>\n<!-- \/ Yoast SEO plugin. -->","yoast_head_json":{"title":"&iquest;La crisis quedo atr&aacute;s ?, seg&uacute;n los balances de las empresas si - M r. T r a d e r","robots":{"index":"index","follow":"follow","max-snippet":"max-snippet:-1","max-image-preview":"max-image-preview:large","max-video-preview":"max-video-preview:-1"},"canonical":"http:\/\/www.mrtrader.com.ar\/?page_id=1249","og_locale":"es_ES","og_type":"article","og_title":"&iquest;La crisis quedo atr&aacute;s ?, seg&uacute;n los balances de las empresas si - M r. T r a d e r","og_description":"El Instituto Argentino de Mercado de Capitales tom\u00f3 en cuenta los 89 balances p\u00fablicos al tercer trimestre de firmas locales y hall\u00f3 que hay un lento pero marcado recupero. En la baja de los resultados de 2009 las empresas pasaron de derrumbarse a un ritmo anualizado del 76% en el primer trimestre del a\u00f1o, a [&hellip;]","og_url":"http:\/\/www.mrtrader.com.ar\/?page_id=1249","og_site_name":"M r. T r a d e r","twitter_card":"summary_large_image","twitter_misc":{"Tiempo de lectura":"2 minutos"},"schema":{"@context":"https:\/\/schema.org","@graph":[{"@type":"WebPage","@id":"http:\/\/www.mrtrader.com.ar\/?page_id=1249","url":"http:\/\/www.mrtrader.com.ar\/?page_id=1249","name":"&iquest;La crisis quedo atr&aacute;s ?, seg&uacute;n los balances de las empresas si - M r. T r a d e r","isPartOf":{"@id":"https:\/\/www.mrtrader.com.ar\/#website"},"datePublished":"2009-11-15T23:35:57+00:00","dateModified":"2009-11-15T23:35:57+00:00","breadcrumb":{"@id":"http:\/\/www.mrtrader.com.ar\/?page_id=1249#breadcrumb"},"inLanguage":"es","potentialAction":[{"@type":"ReadAction","target":["http:\/\/www.mrtrader.com.ar\/?page_id=1249"]}]},{"@type":"BreadcrumbList","@id":"http:\/\/www.mrtrader.com.ar\/?page_id=1249#breadcrumb","itemListElement":[{"@type":"ListItem","position":1,"name":"Portada","item":"https:\/\/www.mrtrader.com.ar\/"},{"@type":"ListItem","position":2,"name":"&iquest;La crisis quedo atr&aacute;s ?, seg&uacute;n los balances de las empresas si"}]},{"@type":"WebSite","@id":"https:\/\/www.mrtrader.com.ar\/#website","url":"https:\/\/www.mrtrader.com.ar\/","name":"M r. T r a d e r","description":"Entusiasmo por la verdad y el conocimiento","publisher":{"@id":"https:\/\/www.mrtrader.com.ar\/#organization"},"potentialAction":[{"@type":"SearchAction","target":{"@type":"EntryPoint","urlTemplate":"https:\/\/www.mrtrader.com.ar\/?s={search_term_string}"},"query-input":"required name=search_term_string"}],"inLanguage":"es"},{"@type":"Organization","@id":"https:\/\/www.mrtrader.com.ar\/#organization","name":"M r. T r a d e r","url":"https:\/\/www.mrtrader.com.ar\/","logo":{"@type":"ImageObject","inLanguage":"es","@id":"https:\/\/www.mrtrader.com.ar\/#\/schema\/logo\/image\/","url":"http:\/\/www.mrtrader.com.ar\/wp-content\/uploads\/2022\/11\/mrt_negro2.png","contentUrl":"http:\/\/www.mrtrader.com.ar\/wp-content\/uploads\/2022\/11\/mrt_negro2.png","width":233,"height":86,"caption":"M r. T r a d e r"},"image":{"@id":"https:\/\/www.mrtrader.com.ar\/#\/schema\/logo\/image\/"}}]}},"_links":{"self":[{"href":"http:\/\/www.mrtrader.com.ar\/index.php?rest_route=\/wp\/v2\/pages\/1249"}],"collection":[{"href":"http:\/\/www.mrtrader.com.ar\/index.php?rest_route=\/wp\/v2\/pages"}],"about":[{"href":"http:\/\/www.mrtrader.com.ar\/index.php?rest_route=\/wp\/v2\/types\/page"}],"author":[{"embeddable":true,"href":"http:\/\/www.mrtrader.com.ar\/index.php?rest_route=\/wp\/v2\/users\/1"}],"replies":[{"embeddable":true,"href":"http:\/\/www.mrtrader.com.ar\/index.php?rest_route=%2Fwp%2Fv2%2Fcomments&post=1249"}],"version-history":[{"count":1,"href":"http:\/\/www.mrtrader.com.ar\/index.php?rest_route=\/wp\/v2\/pages\/1249\/revisions"}],"predecessor-version":[{"id":1250,"href":"http:\/\/www.mrtrader.com.ar\/index.php?rest_route=\/wp\/v2\/pages\/1249\/revisions\/1250"}],"wp:attachment":[{"href":"http:\/\/www.mrtrader.com.ar\/index.php?rest_route=%2Fwp%2Fv2%2Fmedia&parent=1249"}],"curies":[{"name":"wp","href":"https:\/\/api.w.org\/{rel}","templated":true}]}}