{"id":1412,"date":"2009-12-19T20:50:11","date_gmt":"2009-12-19T23:50:11","guid":{"rendered":"http:\/\/www.mrtrader.com.ar\/?page_id=1412"},"modified":"2009-12-19T20:50:11","modified_gmt":"2009-12-19T23:50:11","slug":"qu-es-el-bric","status":"publish","type":"page","link":"http:\/\/www.mrtrader.com.ar\/?page_id=1412","title":{"rendered":"Qu&eacute; es el BRIC ?"},"content":{"rendered":"<p align=\"justify\">En econom\u00eda internacional, se emplea la sigla BRIC para referirse conjuntamente a Brasil, Rusia, India y China, que tienen en com\u00fan una gran poblaci\u00f3n (Rusia y Brasil por encima de los ciento cuarenta millones, China e India por encima de los mil cien millones), un enorme territorio (casi 38.5 millones km\u00b2), lo que les proporciona dimensiones estrat\u00e9gicas continentales y una gigantesca cantidad de recursos naturales, y, lo m\u00e1s importante, las cifras que han presentado de crecimiento de su PIB y de participaci\u00f3n en el comercio mundial han sido enormes en los \u00faltimos a\u00f1os, lo que los hace atractivos como destino de inversiones.<\/p>\n","protected":false},"excerpt":{"rendered":"<p>En econom\u00eda internacional, se emplea la sigla BRIC para referirse conjuntamente a Brasil, Rusia, India y China, que tienen en com\u00fan una gran poblaci\u00f3n (Rusia y Brasil por encima de los ciento cuarenta millones, China e India por encima de los mil cien millones), un enorme territorio (casi 38.5 millones km\u00b2), lo que les proporciona [&hellip;]<\/p>\n","protected":false},"author":1,"featured_media":0,"parent":0,"menu_order":0,"comment_status":"open","ping_status":"open","template":"","meta":[],"yoast_head":"<!-- This site is optimized with the Yoast SEO plugin v19.10 - https:\/\/yoast.com\/wordpress\/plugins\/seo\/ -->\n<title>Qu&eacute; es el BRIC ? - M r. T r a d e r<\/title>\n<meta name=\"robots\" content=\"index, follow, max-snippet:-1, max-image-preview:large, max-video-preview:-1\" \/>\n<link rel=\"canonical\" href=\"http:\/\/www.mrtrader.com.ar\/?page_id=1412\" \/>\n<meta property=\"og:locale\" content=\"es_ES\" \/>\n<meta property=\"og:type\" content=\"article\" \/>\n<meta property=\"og:title\" content=\"Qu&eacute; es el BRIC ? - M r. T r a d e r\" \/>\n<meta property=\"og:description\" content=\"En econom\u00eda internacional, se emplea la sigla BRIC para referirse conjuntamente a Brasil, Rusia, India y China, que tienen en com\u00fan una gran poblaci\u00f3n (Rusia y Brasil por encima de los ciento cuarenta millones, China e India por encima de los mil cien millones), un enorme territorio (casi 38.5 millones km\u00b2), lo que les proporciona [&hellip;]\" \/>\n<meta property=\"og:url\" content=\"http:\/\/www.mrtrader.com.ar\/?page_id=1412\" \/>\n<meta property=\"og:site_name\" content=\"M r. T r a d e r\" \/>\n<meta name=\"twitter:card\" content=\"summary_large_image\" \/>\n<meta name=\"twitter:label1\" content=\"Tiempo de lectura\" \/>\n\t<meta name=\"twitter:data1\" content=\"1 minuto\" \/>\n<script type=\"application\/ld+json\" class=\"yoast-schema-graph\">{\"@context\":\"https:\/\/schema.org\",\"@graph\":[{\"@type\":\"WebPage\",\"@id\":\"http:\/\/www.mrtrader.com.ar\/?page_id=1412\",\"url\":\"http:\/\/www.mrtrader.com.ar\/?page_id=1412\",\"name\":\"Qu&eacute; es el BRIC ? - M r. T r a d e r\",\"isPartOf\":{\"@id\":\"http:\/\/www.mrtrader.com.ar\/#website\"},\"datePublished\":\"2009-12-19T23:50:11+00:00\",\"dateModified\":\"2009-12-19T23:50:11+00:00\",\"breadcrumb\":{\"@id\":\"http:\/\/www.mrtrader.com.ar\/?page_id=1412#breadcrumb\"},\"inLanguage\":\"es\",\"potentialAction\":[{\"@type\":\"ReadAction\",\"target\":[\"http:\/\/www.mrtrader.com.ar\/?page_id=1412\"]}]},{\"@type\":\"BreadcrumbList\",\"@id\":\"http:\/\/www.mrtrader.com.ar\/?page_id=1412#breadcrumb\",\"itemListElement\":[{\"@type\":\"ListItem\",\"position\":1,\"name\":\"Portada\",\"item\":\"http:\/\/www.mrtrader.com.ar\/\"},{\"@type\":\"ListItem\",\"position\":2,\"name\":\"Qu&eacute; es el BRIC ?\"}]},{\"@type\":\"WebSite\",\"@id\":\"http:\/\/www.mrtrader.com.ar\/#website\",\"url\":\"http:\/\/www.mrtrader.com.ar\/\",\"name\":\"M r. T r a d e r\",\"description\":\"Entusiasmo por la verdad y el conocimiento\",\"publisher\":{\"@id\":\"http:\/\/www.mrtrader.com.ar\/#organization\"},\"potentialAction\":[{\"@type\":\"SearchAction\",\"target\":{\"@type\":\"EntryPoint\",\"urlTemplate\":\"http:\/\/www.mrtrader.com.ar\/?s={search_term_string}\"},\"query-input\":\"required name=search_term_string\"}],\"inLanguage\":\"es\"},{\"@type\":\"Organization\",\"@id\":\"http:\/\/www.mrtrader.com.ar\/#organization\",\"name\":\"M r. T r a d e r\",\"url\":\"http:\/\/www.mrtrader.com.ar\/\",\"logo\":{\"@type\":\"ImageObject\",\"inLanguage\":\"es\",\"@id\":\"http:\/\/www.mrtrader.com.ar\/#\/schema\/logo\/image\/\",\"url\":\"http:\/\/www.mrtrader.com.ar\/wp-content\/uploads\/2022\/11\/mrt_negro2.png\",\"contentUrl\":\"http:\/\/www.mrtrader.com.ar\/wp-content\/uploads\/2022\/11\/mrt_negro2.png\",\"width\":233,\"height\":86,\"caption\":\"M r. T r a d e r\"},\"image\":{\"@id\":\"http:\/\/www.mrtrader.com.ar\/#\/schema\/logo\/image\/\"}}]}<\/script>\n<!-- \/ Yoast SEO plugin. -->","yoast_head_json":{"title":"Qu&eacute; es el BRIC ? - M r. T r a d e r","robots":{"index":"index","follow":"follow","max-snippet":"max-snippet:-1","max-image-preview":"max-image-preview:large","max-video-preview":"max-video-preview:-1"},"canonical":"http:\/\/www.mrtrader.com.ar\/?page_id=1412","og_locale":"es_ES","og_type":"article","og_title":"Qu&eacute; es el BRIC ? - M r. T r a d e r","og_description":"En econom\u00eda internacional, se emplea la sigla BRIC para referirse conjuntamente a Brasil, Rusia, India y China, que tienen en com\u00fan una gran poblaci\u00f3n (Rusia y Brasil por encima de los ciento cuarenta millones, China e India por encima de los mil cien millones), un enorme territorio (casi 38.5 millones km\u00b2), lo que les proporciona [&hellip;]","og_url":"http:\/\/www.mrtrader.com.ar\/?page_id=1412","og_site_name":"M r. T r a d e r","twitter_card":"summary_large_image","twitter_misc":{"Tiempo de lectura":"1 minuto"},"schema":{"@context":"https:\/\/schema.org","@graph":[{"@type":"WebPage","@id":"http:\/\/www.mrtrader.com.ar\/?page_id=1412","url":"http:\/\/www.mrtrader.com.ar\/?page_id=1412","name":"Qu&eacute; es el BRIC ? - M r. T r a d e r","isPartOf":{"@id":"http:\/\/www.mrtrader.com.ar\/#website"},"datePublished":"2009-12-19T23:50:11+00:00","dateModified":"2009-12-19T23:50:11+00:00","breadcrumb":{"@id":"http:\/\/www.mrtrader.com.ar\/?page_id=1412#breadcrumb"},"inLanguage":"es","potentialAction":[{"@type":"ReadAction","target":["http:\/\/www.mrtrader.com.ar\/?page_id=1412"]}]},{"@type":"BreadcrumbList","@id":"http:\/\/www.mrtrader.com.ar\/?page_id=1412#breadcrumb","itemListElement":[{"@type":"ListItem","position":1,"name":"Portada","item":"http:\/\/www.mrtrader.com.ar\/"},{"@type":"ListItem","position":2,"name":"Qu&eacute; es el BRIC ?"}]},{"@type":"WebSite","@id":"http:\/\/www.mrtrader.com.ar\/#website","url":"http:\/\/www.mrtrader.com.ar\/","name":"M r. T r a d e r","description":"Entusiasmo por la verdad y el conocimiento","publisher":{"@id":"http:\/\/www.mrtrader.com.ar\/#organization"},"potentialAction":[{"@type":"SearchAction","target":{"@type":"EntryPoint","urlTemplate":"http:\/\/www.mrtrader.com.ar\/?s={search_term_string}"},"query-input":"required name=search_term_string"}],"inLanguage":"es"},{"@type":"Organization","@id":"http:\/\/www.mrtrader.com.ar\/#organization","name":"M r. T r a d e r","url":"http:\/\/www.mrtrader.com.ar\/","logo":{"@type":"ImageObject","inLanguage":"es","@id":"http:\/\/www.mrtrader.com.ar\/#\/schema\/logo\/image\/","url":"http:\/\/www.mrtrader.com.ar\/wp-content\/uploads\/2022\/11\/mrt_negro2.png","contentUrl":"http:\/\/www.mrtrader.com.ar\/wp-content\/uploads\/2022\/11\/mrt_negro2.png","width":233,"height":86,"caption":"M r. T r a d e r"},"image":{"@id":"http:\/\/www.mrtrader.com.ar\/#\/schema\/logo\/image\/"}}]}},"_links":{"self":[{"href":"http:\/\/www.mrtrader.com.ar\/index.php?rest_route=\/wp\/v2\/pages\/1412"}],"collection":[{"href":"http:\/\/www.mrtrader.com.ar\/index.php?rest_route=\/wp\/v2\/pages"}],"about":[{"href":"http:\/\/www.mrtrader.com.ar\/index.php?rest_route=\/wp\/v2\/types\/page"}],"author":[{"embeddable":true,"href":"http:\/\/www.mrtrader.com.ar\/index.php?rest_route=\/wp\/v2\/users\/1"}],"replies":[{"embeddable":true,"href":"http:\/\/www.mrtrader.com.ar\/index.php?rest_route=%2Fwp%2Fv2%2Fcomments&post=1412"}],"version-history":[{"count":0,"href":"http:\/\/www.mrtrader.com.ar\/index.php?rest_route=\/wp\/v2\/pages\/1412\/revisions"}],"wp:attachment":[{"href":"http:\/\/www.mrtrader.com.ar\/index.php?rest_route=%2Fwp%2Fv2%2Fmedia&parent=1412"}],"curies":[{"name":"wp","href":"https:\/\/api.w.org\/{rel}","templated":true}]}}